8). Is h/(35/10) + (-4470)/(-14) a prime number?
False
Let z(t) = -103*t**2 - t + 2. Let g be z(1). Let y = 7079 + g. Is y prime?
True
Let s(i) = -5*i**3 - 69*i**2 - 160*i + 10. Let p(n) = n**3 + 14*n**2 + 32*n - 2. Let u(x) = 11*p(x) + 2*s(x). Is u(-13) a prime number?
True
Suppose y + 5*d - d = 8497, 4*y - 34001 = -3*d. Is y composite?
False
Let w = -880 - -2605. Let g = 3118 - w. Is g composite?
True
Let w be 5*1*(-16)/16. Is (-7507)/w - 20/50 a prime number?
False
Let i(p) = 2*p**2 + p + 4. Let n(u) = u**2 + u + 3. Let c(y) = 2*i(y) - 3*n(y). Let j be 498/(-54) + 2/9. Is c(j) composite?
False
Suppose 2*g + 1409 + 4115 = k, 2773 = -g - 5*k. Is (1 - (g - 0))*(-31)/(-62) composite?
True
Let b = 13 + -11. Let m be -254*(-3)/12*b. Suppose 4*x + 3*o - m = 3*x, -2*x + o = -226. Is x prime?
False
Let m = 13 + -11. Suppose -428 = -m*l + 3*p, l - 5*l - 3*p = -838. Is l prime?
True
Let h(x) = -x**2 - x + 235. Suppose 2*f = -0*f. Let w be h(f). Suppose -3*s = -w - 302. Is s a prime number?
True
Let f(n) = n**3 - 6*n**2 + 2*n + 1. Let q be (-75)/27 - (-2)/(-9). Let z(v) = v**2 - v - 4. Let y be z(q). Is f(y) prime?
False
Let f be (0 + 113/(-2))/((-15)/3570). Suppose -13*u + 6*u + f = 0. Is u a composite number?
True
Let h = 1286 + -907. Is h prime?
True
Let n(y) = 17*y**2 + y + 131. Is n(23) prime?
False
Let r = -40775 - -78918. Is r a prime number?
False
Suppose 0 = -2*r + r + 2. Suppose 3*m = 9, -r*m + 4*m + 9 = 5*o. Suppose o*a - 5*y - 439 = 0, -267 = -a + 5*y - 114. Is a prime?
False
Suppose 0 = i + 5*c - 1133, 0 = -4*i + 2*c + 4869 - 425. Suppose 253 = -4*b + i. Is b composite?
True
Let v be ((-4)/((-8)/(-357)))/(6/(-200)). Suppose 12*a - 3902 = v. Is a a composite number?
False
Suppose -8 = -8*s + 6*s. Suppose -3*k + 5*k - 1086 = s*y, 5*y = -k + 536. Is k a prime number?
True
Suppose 5 = 3*m - g, -3*g + 17 - 5 = 0. Suppose -m*r = -0*r. Suppose -b - 674 = -4*b - w, r = -2*b - 5*w + 471. Is b a prime number?
True
Let n(m) be the first derivative of 337*m**2 + 3*m + 8. Is n(1) composite?
False
Suppose 9466 - 1717 = 4*i - 5*u, i - 2*u = 1938. Let b = i + -927. Is b prime?
True
Let g(c) = -3*c**3 - 32*c**2 + 49*c + 1. Is g(-20) a prime number?
False
Let w(q) be the first derivative of -7*q**4/4 - q**3 - 5*q**2 - 31*q - 8. Is w(-4) a composite number?
False
Suppose 41 - 2 = 13*o. Let z(i) = -13*i**3 + 6*i**2 + 3*i - 4. Let p be z(-4). Suppose 0 = -5*d + 2*k + p + 1331, 3*d - 1350 = -o*k. Is d composite?
False
Let f(o) = 69*o - 28. Let n be f(-14). Let k = 1185 - n. Is k composite?
False
Is ((-196)/(-56))/(2/964) - -4 composite?
True
Suppose -3876 = -4*w + 4*g, 5*w - g = w + 3888. Suppose 5*t - 5768 = -w. Is t composite?
True
Let o(v) = v**3 - 2*v**2 - 5*v + 1. Let m be o(4). Let l(k) = -k + 14. Let r be l(12). Suppose -r*b + m = -b. Is b composite?
False
Let u be (-56)/(-26) - (-2)/(-13). Let w be (0 - u)/((-6)/15). Suppose -2*l = 10, -w*p - l + 100 = -2*l. Is p prime?
True
Is 8 - (-12 - -26) - -7708 a prime number?
False
Let p be -4*997*(-11)/(-22). Let h = -1051 - p. Let l = h - -1212. Is l composite?
True
Let n(z) = 106*z**2 - 46*z + 49. Is n(-21) prime?
False
Let x(c) be the second derivative of -4*c**3/3 + 4*c**2 + c. Let h be x(-8). Suppose 2*m + 41 = 5*y - h, 26 = 2*y + 4*m. Is y prime?
False
Let g = 86 - 81. Suppose g*c - 7567 = -2*c. Is c a prime number?
False
Is (-92)/(-207) + ((-349876)/(-18) - -1) composite?
True
Let l(d) be the first derivative of 2*d**3/3 + d**2 + 23*d - 20. Is l(-10) prime?
False
Suppose -4*h - 4*c = 32, -3*h + 0*h + 4*c - 31 = 0. Let g be 24325/(-20) + h/12. Let f = -676 - g. Is f composite?
False
Let p(a) = -13*a + 210. Let o be p(20). Suppose -5*r + 8 = -r. Is ((-201)/r)/(25/o) prime?
False
Let s = -350 - -593. Let r = 992 - s. Is r prime?
False
Suppose 990 = 2*j + 4*y, -5*j + 1030 + 1471 = -3*y. Is j a prime number?
True
Let h(n) = 152*n**3 - 17*n**2 + 23*n - 16. Is h(5) a prime number?
False
Let f be (-18)/(-48) - (-115)/(-8). Let w be (3 - 0)*f/(-14). Is 2/w*(-762)/(-4) a composite number?
False
Let z = -7498 + 46491. Is z prime?
True
Let d = 15 + -7. Suppose 432 = d*r - 2752. Is r a prime number?
False
Suppose 3*q + 4*q = -14. Let i(b) = -270*b - 3. Let x be i(-2). Let j = q + x. Is j prime?
False
Let d(k) = -5*k - 2. Let s be d(-1). Suppose -s*h + 5*h - 1256 = 3*w, 0 = 3*h + 5*w - 1903. Is h a prime number?
True
Suppose -4*x = p - 9*x - 10519, 5*x + 21018 = 2*p. Is p prime?
True
Suppose 5*s = 3*t + 108844, -30*t + 34*t + 21779 = s. Is s prime?
True
Suppose -18*m + 148027 = -195215. Is m a composite number?
False
Suppose 5*r - 82 = 18. Let j be (r/15)/(2/15). Let i = 81 - j. Is i a composite number?
False
Suppose 4*f + 5*q = -5293, 2588 - 6554 = 3*f + 3*q. Let m = 2494 + f. Is m a composite number?
True
Let u(p) = -5*p**3 + 15*p**2 + 77*p + 20. Is u(-13) a composite number?
False
Suppose -4*h - 3*v - 2 = 4, v = 2. Let f be (h/(-3)*-2)/(-1). Suppose 2*y = -f*q + 142, q = 2*y - 0*y + 65. Is q a prime number?
False
Let k be 9/(18/4) + 10. Let b = 653 - k. Is b a prime number?
True
Let o = 34985 + -10048. Is o a composite number?
True
Suppose -5*x + 4*b + 40494 = 7040, 3*x + 4*b - 20066 = 0. Suppose -h = 4*a + a - 1668, 4*h = -2*a + x. Is h a composite number?
True
Let l be ((-20)/(-5) - 2) + 2327. Suppose -4*o = -5*w - l, -2*o + w + 4*w = -1157. Is o prime?
False
Let d = 877 - 616. Suppose d = n - 74. Is n a composite number?
True
Suppose -10*p + 86825 + 172065 = 0. Is p prime?
True
Let w(r) = 4*r - 17 - 2*r - 5*r. Let d be w(4). Let p = d - -60. Is p composite?
False
Is -1 - (2 + -637)*10 composite?
True
Let r = 18007 + -9738. Is r composite?
False
Let q = -25 - 88. Suppose -7*j + 6 = -22. Is 0/(j*-1) - q a composite number?
False
Let f = 0 + 20. Let c = f + -31. Let h = 30 + c. Is h composite?
False
Suppose 4*v - 12680 = -4*m, 2*v + 707 = m + 7032. Let c = v - 1606. Is c a composite number?
False
Let i = 10829 - 3792. Is i composite?
True
Let o(z) be the second derivative of -149*z**3/3 + z**2/2 + 17*z. Is o(-1) a prime number?
False
Let s(a) = a**3 + 767. Let f = 3 - 3. Let h be s(f). Let k = h - 390. Is k a prime number?
False
Let t(f) = 42*f - 1. Let w be ((-3)/(-12))/1*20. Let k(u) = 2*u - 4. Let s be k(w). Is t(s) a prime number?
True
Let m = 18121 - 10158. Is m a prime number?
True
Let v(h) = -4 - h + 5*h**3 + 4*h - 5 - 6*h**2 - h**2. Is v(4) a prime number?
True
Suppose 13796 = 4*v - 0*v. Is v composite?
False
Suppose -5*z + 2*f - 1117 = 3565, -3747 = 4*z - 3*f. Let p = z - -2731. Is p a composite number?
True
Suppose 2*r = -97*q + 101*q + 30094, 3*q - 12 = 0. Is r prime?
False
Let j = 862 + -321. Suppose -j = -4*l - s, 0*s = -3*l - s + 407. Is -4*l/(-4) + -3 composite?
False
Let x(y) be the third derivative of 59*y**5/15 + y**4/12 - y**3/6 + 12*y**2. Is x(1) composite?
True
Suppose 4237*j = 4229*j + 380648. Is j prime?
True
Let f be (-10)/6*(-18)/15. Let n be f/(-2) + 4 + -1. Suppose -n*b = -4*b + 1246. Is b a composite number?
True
Suppose -g + 0*g + 782 = 0. Suppose -16 = -9*x + 20. Is g + x - (3 + -2) prime?
False
Let i(z) = z**2 + 2*z - 4. Let a be ((-12)/1 - -4)/2. Let j be i(a). Suppose -j*q = 4*t - 2*t - 1830, 0 = t + 1. Is q a composite number?
True
Let m be (-1)/(-3) - 1725/(-9). Suppose -3*s + 5528 = 5*s. Let w = s - m. Is w prime?
True
Suppose 0 = 2*y + 4*x - 11550, 0*x + 10 = -5*x. Is y a composite number?
False
Let o(v) = 10*v**2 - 4*v + 2. Let z be o(2). Suppose 81 = b - 2*y + z, 3*b - 116 = y. Is b composite?
False
Is (-63)/7 + 18 + 152 prime?
False
Let z(o) = 1 - 2 + 217*o**2 + 2 + 317*o**2. Is z(1) a prime number?
False
Let f(s) = 16*s**2 + 38*s + 389. Is f(-20) composite?
False
Let v(i) = 39*i. Let g(o) = -506*o. Let y(w) = -6*g(w) - 77*v(w). Let n be y(-3). Let r = n - -154. Is r a composite number?
True
Suppose 0 = -3*i + 2*k + 1 + 1, 5*k + 18 = i. Is 57*((-2159)/(-102))/(i/(-4)) prime?
False
Let x(q) = q**3 + 2*q + 36373. Is x(0) a prime number?
True
Suppose 0 = -16*b + 116200 + 61608. Is b composite?
False
Let n(p) = 46*p**2 - 3*p - 1. Let w be (-9)/(-15)*(6 - -4). Is n(w) prime?
True
Suppose 4*y - 2*b - 42114 = 22016, 2*b + 32064 = 2*y. Is y a prime number?
True
Is (8 - 2 - 5)*4379 composite?
True
Let w(y) = -5*y**3 - 17*y**2 - 12*y + 21. Is w(-14) composite?
True
Let m(q) be the